t of 8886?
8
What is the hundred thousands digit of 54137060?
1
What is the tens digit of 85949839?
3
What is the hundred thousands digit of 2500675237?
6
What is the units digit of 58171428?
8
What is the tens digit of 126219935?
3
What is the billions digit of 2872436582?
2
What is the thousands digit of 22333850?
3
What is the tens digit of 56634537?
3
What is the ten thousands digit of 35308146?
0
What is the units digit of 401818546?
6
What is the ten millions digit of 973775274?
7
What is the ten thousands digit of 74412665?
1
What is the hundred thousands digit of 84859503?
8
What is the hundred thousands digit of 3031880379?
8
What is the hundred thousands digit of 2696586408?
5
What is the tens digit of 674726726?
2
What is the units digit of 350400528?
8
What is the tens digit of 125035555?
5
What is the millions digit of 56835278?
6
What is the thousands digit of 19389356?
9
What is the thousands digit of 202048191?
8
What is the tens digit of 166899782?
8
What is the hundred millions digit of 2218021367?
2
What is the units digit of 225224225?
5
What is the tens digit of 744516481?
8
What is the ten millions digit of 6465007554?
6
What is the ten millions digit of 1492267798?
9
What is the tens digit of 109795557?
5
What is the ten millions digit of 3758418409?
5
What is the thousands digit of 54337050?
7
What is the thousands digit of 21711228?
1
What is the hundred thousands digit of 140748541?
7
What is the hundreds digit of 949342931?
9
What is the units digit of 53601031?
1
What is the ten thousands digit of 84492939?
9
What is the hundreds digit of 195910485?
4
What is the thousands digit of 381388624?
8
What is the ten thousands digit of 20745871?
4
What is the thousands digit of 3113600336?
0
What is the thousands digit of 199807853?
7
What is the units digit of 2431498321?
1
What is the thousands digit of 76324304?
4
What is the thousands digit of 106772634?
2
What is the ten thousands digit of 8123915?
2
What is the hundreds digit of 76726119?
1
What is the ten thousands digit of 18046435?
4
What is the millions digit of 5817698?
5
What is the tens digit of 91372201?
0
What is the millions digit of 63193321?
3
What is the thousands digit of 260298757?
8
What is the hundred thousands digit of 374691406?
6
What is the hundreds digit of 2280221065?
0
What is the tens digit of 655209041?
4
What is the hundred millions digit of 117708915?
1
What is the thousands digit of 166675563?
5
What is the hundreds digit of 10439532?
5
What is the ten thousands digit of 72540444?
4
What is the thousands digit of 21924235?
4
What is the ten thousands digit of 341951066?
5
What is the ten thousands digit of 146845873?
4
What is the units digit of 226678373?
3
What is the ten thousands digit of 348883027?
8
What is the millions digit of 3227284206?
7
What is the ten thousands digit of 113604300?
0
What is the tens digit of 413363136?
3
What is the ten thousands digit of 891119803?
1
What is the hundreds digit of 645721866?
8
What is the ten thousands digit of 682521233?
2
What is the ten millions digit of 100562785?
0
What is the hundred thousands digit of 281270406?
2
What is the ten thousands digit of 137059652?
5
What is the hundred thousands digit of 103957378?
9
What is the ten thousands digit of 139411457?
1
What is the hundreds digit of 780304423?
4
What is the units digit of 215107367?
7
What is the ten millions digit of 976791664?
7
What is the ten thousands digit of 443268743?
6
What is the tens digit of 4036939?
3
What is the hundred thousands digit of 2749148112?
1
What is the ten millions digit of 707683825?
0
What is the tens digit of 33966710?
1
What is the ten millions digit of 27703017?
2
What is the hundreds digit of 73190379?
3
What is the units digit of 2067895056?
6
What is the millions digit of 85084874?
5
What is the units digit of 154227778?
8
What is the hundred millions digit of 423127210?
4
What is the units digit of 3025470072?
2
What is the hundreds digit of 601341167?
1
What is the millions digit of 142528440?
2
What is the tens digit of 55901085?
8
What is the units digit of 386091106?
6
What is the ten thousands digit of 5829616032?
1
What is the ten millions digit of 316195753?
1
What is the ten thousands digit of 620773445?
7
What is the units digit of 17180654?
4
What is the hundreds digit of 2632708893?
8
What is the hundred thousands digit of 81615537?
6
What is the tens digit of 2392773?
7
What is the hundreds digit of 1933778288?
2
What is the hundred thousands digit of 44258033?
2
What is the hundreds digit of 479425735?
7
What is the ten thousands digit of 53373995?
7
What is the ten millions digit of 1236713173?
3
What is the hundreds digit of 20840438?
4
What is the ten millions digit of 2703889684?
0
What is the hundreds digit of 2702757458?
4
What is the ten millions digit of 12179322?
1
What is the units digit of 83386708?
8
What is the units digit of 169366855?
5
What is the hundreds digit of 18180846?
8
What is the hundreds digit of 4868156899?
8
What is the tens digit of 7716839830?
3
What is the thousands digit of 251517420?
7
What is the hundreds digit of 3541728067?
0
What is the thousands digit of 96554034?
4
What is the hundred millions digit of 618110403?
6
What is the hundred thousands digit of 4024636025?
6
What is the ten thousands digit of 26761735?
6
What is the thousands digit of 539991850?
1
What is the hundreds digit of 19964328?
3
What is the hundred millions digit of 317767690?
3
What is the units digit of 86866118?
8
What is the ten millions digit of 41254475?
4
What is the thousands digit of 998255505?
5
What is the thousands digit of 9265806?
5
What is the tens digit of 122322633?
3
What is the millions digit of 30017353?
0
What is the ten thousands digit of 209039371?
3
What is the tens digit of 73602108?
0
What is the ten thousands digit of 371809903?
0
What is the tens digit of 515913424?
2
What is the units digit of 72467069?
9
What is the hundred thousands digit of 4106079995?
0
What is the hundred thousands digit of 180366812?
3
What is the tens digit of 22854636?
3
What is the hundred thousands digit of 956107857?
1
What is the thousands digit of 66074201?
4
What is the units digit of 3533173966?
6
What is the hundreds digit of 239410836?
8
What is the tens digit of 32096325?
2
What is the hundreds digit of 1145019623?
6
What is the units digit of 3226247892?
2
What is the hundred thousands digit of 2417507370?
5
What is the millions digit of 572186446?
2
What is the ten thousands digit of 1978251744?
5
What is the ten thousands digit of 1229079723?
7
What is the thousands digit of 66816970?
6
What is the hundred millions digit of 347851997?
3
What is the units digit of 480582656?
6
What is the thousands digit of 4682064265?
4
What is the ten millions digit of 835177108?
3
What is the hundreds digit of 9794843?
8
What is the ten millions digit of 247234020?
4
What is the hundreds digit of 195429379?
3
What is the billions digit of 1477263787?
1
What is the ten millions digit of 65391515?
6
What is the hundreds digit of 321881798?
7
What is the tens digit of 65462864?
6
What is the tens digit of 470210732?
3
What is the thousands digit of 285655531?
5
What is the thousands digit of 529708552?
8
What is the thousands digit of 369471702?
1
What is the thousands digit of 1086629319?
9
What is the thousands digit of 322672358?
2
What is the hundreds digit of 41819075?
0
What is the millions digit of 32882700?
2
What is the hundred thousands digit of 4038010?
0
What is the ten thousands digit of 171609606?
0
What is the ten millions digit of 980686827?
8
What is the units digit of 222975173?
3
What is the ten millions digit of 3638699830?
3
What is the billions digit of 1518720431?
1
What is the millions digit of 28655545?
8
What is the units digit of 76505722?
2
What is the units digit of 474812534?
4
What is the ten millions digit of 518110954?
1
What is the hundred thousands digit of 205102424?
1
What is the millions digit of 156768451?
6
What is the thousands digit of 35588604?
8
What is the tens digit of 151679266?
6
What is the ten millions digit of 1581578729?
8
What is the units digit of 235434613?
3
What is the thousands digit of 403934372?
4
What is the unit